*2 - 4*c + 10. What is the units digit of x(s)?
5
Let w(p) = 6*p**3 - 5*p + 1. Let f be w(-3). Let z = -142 - f. Suppose -8*h = -z*h - 32. What is the units digit of h?
8
Suppose -8*o - 177 + 7777 = 0. Suppose 4*u + 2*h + 2375 = 9*u, -2*u - 5*h = -o. Let k = -263 + u. What is the units digit of k?
2
Suppose -5*j = -0*i - i - 2, 0 = -4*j + i + 1. Let h be (-112)/((-2)/j) - (15 + -14). Let z = h + -31. What is the units digit of z?
4
Let r = 254 - 244. What is the units digit of (-6 + 568/r)*15?
2
Let n(r) = -r**2 - r + 2. Let t be n(3). Let u(m) = -1. Let l(i) = -6*i - 34. Let d(p) = l(p) - 4*u(p). What is the tens digit of d(t)?
3
Let r = -71 - -71. Suppose r = -0*z - 3*z. Suppose z*a + a + 3*u - 57 = 0, 0 = 4*u - 8. What is the units digit of a?
1
Suppose -3*u + 5 + 13 = 0. Suppose -10*g + u*g = -160. What is the units digit of ((-34)/(-8))/(2/g)?
5
Suppose 2*p - 80 = -g, g + 0*p = -p + 79. What is the hundreds digit of 39792/g - 6/39?
5
Let b(f) = -5*f**2 + 5*f + 23. Let j be b(-6). Suppose -3*u - 46 = w, 5*u = -w + 2 - 38. Let l = w - j. What is the units digit of l?
6
Let y be (18 - 13) + -2002 + 1. Let k = -1072 - y. What is the hundreds digit of k?
9
Let q be 29*(-1 - (-12)/6). Suppose -t = -5*r - 65, -5*r + 3*r - 8 = 0. Let k = q + t. What is the tens digit of k?
7
Suppose 2*q + 23670 = 5*f - 30145, 10750 = f - 3*q. What is the thousands digit of f?
0
Let f = -44428 + 66189. What is the hundreds digit of f?
7
Let n be (-5 - (-12 + 4 - -2)) + -13. What is the tens digit of n/(-8) + 63/(-14) + 803?
0
Suppose 4*h = 8*h. Let c be 241 - (2 + -1) - h. What is the hundreds digit of 1 + c/2 + -2?
1
Let s = -39 + 41. Suppose 4*p = -s*x + 8, -2*p = -4*x + p - 6. Suppose 4*d = -5*j + 111, 5*d - 3*j - j - 190 = x. What is the units digit of d?
4
Let b(a) = a**3 + 6*a**2 + 7*a + 11. Let v be b(-5). Let z be 4*((-395)/70 + v/7). What is the tens digit of (z/3)/(4/(-102))?
8
Let f be (2/(-2))/((5 + -8)/3768). Suppose 69*i - f = 65*i. What is the hundreds digit of i?
3
Let b(a) = 4*a**2 - 260*a - 1018. What is the tens digit of b(112)?
3
Let g be (-636)/8*(1 + 5). Let i = -435 - g. What is the tens digit of i?
4
Suppose 21 = -13*h - 18. Let l be (-1 - 2/h)/((-3)/9). What is the tens digit of l*9 - (24 + -28)?
1
Suppose -34 = -2*f + 4*n, 62 - 12 = 5*f - 3*n. Let k = 697 + -433. Suppose -k = -f*d - 33. What is the tens digit of d?
3
What is the ten thousands digit of -38*-3*(-2583)/(-18)?
1
Let d be 1*(-10 + 6 + 0) - -7. Suppose d*j + 3200 = 5*j. What is the tens digit of j?
0
Let d(u) = u**2 - 9*u - 10. Let x be d(11). What is the hundreds digit of 6 - x - 378/(-1)?
3
Let j = 3 - 30. Let c = j + 29. Suppose -x - 3*x = -2*a - 426, 0 = -c*x - 5*a + 231. What is the units digit of x?
8
Let q(h) = 2*h**3 + 68*h**2 + 64*h + 13. What is the thousands digit of q(-31)?
3
Suppose 0 = -s + 10 + 2. Suppose -s*k - 792 = -18*k. What is the units digit of k?
2
Let s(d) = -d**3 + 4*d**2 - d + 29. What is the hundreds digit of s(-15)?
3
Suppose -164*s - 10 = -166*s. What is the tens digit of (-1802)/(-5) - 2/s?
6
Let t = 2326 + 9940. What is the tens digit of t?
6
Let u(v) = v**2 - 19*v + 13. Let h(p) = -p**2 - 7*p + 11. Let t be h(-6). Let b be u(t). Let x = b + 30. What is the units digit of x?
9
Suppose 623 + 288833 = 158*f. What is the thousands digit of f?
1
Suppose 2*o = -4*r + 2612, 5*r = o + 3*r - 1298. Suppose -o = -6*w + 798. What is the hundreds digit of w?
3
What is the thousands digit of ((-268)/(-12))/((-11)/(-1881))?
3
Let z be -9*(627/(-18) - 5/(-10)). Suppose -9*n + 12*n = z. Suppose 3*w - c - n = c, 3*c = -4*w + 109. What is the units digit of w?
1
Let t(c) = -c**3 + 19*c**2 + 18*c - 41. Let l be t(12). Suppose 0 = r + 2, -4*s + l = -7*s + 4*r. Let z = -228 - s. What is the units digit of z?
9
Let k(d) = d**3 + 5*d**2 - d - 29. Let y be k(-9). Let v = y + 556. What is the tens digit of v?
1
Suppose 166*f = -6*f + 1453594 + 488630. What is the ten thousands digit of f?
1
Let x(d) = 361*d**2 - 26*d - 68. What is the units digit of x(-15)?
7
Let c = -10891 + 22074. What is the units digit of c?
3
Let o be ((-25185)/(-75) - 17)/(1/(-5)). Let x = -917 - o. What is the units digit of x?
7
Let w(o) = o**2 - 6*o + 5. Let z be w(6). Let x be (-128)/(-40) + -3 - (-2)/(-10). Suppose -t + 127 = 3*g, -z*t = -x*t + 25. What is the tens digit of g?
4
Suppose -384*v = -378*v - 38418. What is the tens digit of v?
0
Suppose -338424 + 113400 = 575*r - 599*r. What is the thousands digit of r?
9
Let w(i) = 130*i**2 - 2*i. Let g(q) = q**3 + 5*q**2 + 7*q. Let y be g(-3). Let x(s) = s + 4. Let b be x(y). What is the tens digit of w(b)?
2
What is the hundreds digit of 1726*606/180 - (-10)/75?
8
Suppose 4*m = 5*m - 71. Let n = 35 - m. What is the tens digit of (n/24)/(3/(-106))?
5
Suppose 2*i - 39870 = -3*w, 4*i + 31604 + 21536 = 4*w. What is the thousands digit of w?
3
Let z = 217 - 213. Suppose -c + 228 = -5*v, 5*v = 3*c - z*c + 198. What is the units digit of c?
3
Suppose 14*k + 18*k - 224 = 0. Suppose -k*t + 6*t = -5*m + 5995, 1195 = m - t. What is the tens digit of m?
0
Let z(n) be the second derivative of 689*n**3/3 - 3*n**2/2 - 34*n. Let q be z(1). Suppose 6*a - q = -265. What is the units digit of a?
5
Let o = 744 + -4. Suppose o = 19*z - 15*z. What is the hundreds digit of z?
1
Let y(o) = o**3 - 6*o**2 + 8*o - 7. Let j be y(5). Suppose -21 = 2*n - 3*n - g, n + 4*g - 12 = 0. Let m = n - j. What is the units digit of m?
6
Let c(y) = 8*y - 4. Let m be c(6). Suppose -m*n = -45*n + 133. What is the hundreds digit of n?
1
Let k(y) = -y**3 + 10*y**2 + 26*y - 28. Let g = 88 + -76. Let d be k(g). Let m(i) = -33*i - 3. What is the tens digit of m(d)?
2
Suppose 0 = -8*w + 6*w - 20. Let t(j) = -j**2 - 9*j + 13. Let v be t(w). What is the units digit of 3 + 4 + v - -2?
2
Let q(c) = 48*c**2 + 14*c - 1. Let b be q(-8). Suppose -j + 2963 = 3*m + j, -2*j - b = -3*m. Suppose -5*n - 2*n = -m. What is the tens digit of n?
4
Let t(r) = -4*r + 74. Let z be t(11). Suppose 0 = -28*n + z*n - 648. What is the hundreds digit of n?
3
Let g(m) = -89*m - 103. Let o(y) = -87*y - 104. Let s(w) = -3*g(w) + 4*o(w). What is the hundreds digit of s(-18)?
3
Let v be 1/(-1) - (3 + -12 + 5). Let p be 2 + (257 - (-3)/v). What is the units digit of 6/(-2) + (-2 - p/(-4))?
0
Let u = -345 - -723. Suppose 2*b = u + 648. What is the hundreds digit of b?
5
Let k(x) = -4518*x - 1594. What is the thousands digit of k(-5)?
0
Suppose 20*y - 16603 = -7765 + 16742. What is the units digit of y?
9
Suppose 0 = -71*n + 734893 + 366174 + 1127197. What is the hundreds digit of n?
3
What is the thousands digit of (8831895/362)/(6/4)?
6
Suppose -3*i - 9 = 0, 3*i = -2*r + 6*i + 35. Let u(t) = r + 6*t - 7*t + 3*t + 9*t. What is the units digit of u(7)?
0
Suppose 0 = 37778*i - 37789*i + 27192. What is the units digit of i?
2
Suppose 54606 = 31*j - 25*j. Suppose -23*i + 4170 = -j. What is the hundreds digit of i?
5
Let b = -8824 + 43510. What is the hundreds digit of b?
6
What is the hundreds digit of 2/8*(-8 + 4)*-2360?
3
Suppose -5*s - 73 = -68, 47697 = 2*q + 5*s. What is the tens digit of q?
5
Let u(c) be the first derivative of -45*c**4/4 + c**3/3 - c**2 + 7*c + 113. What is the hundreds digit of u(-3)?
2
Let g(n) = -n**3 + 68*n**2 + 387*n + 80. What is the thousands digit of g(73)?
1
Let b(k) = k**2 - 1 - k**2 - 6*k - k**2 + 11*k. Let v be b(4). Suppose 3*n - 4*t = 161, 0 = 8*t - v*t - 20. What is the units digit of n?
9
Suppose -q - 2*m - 4 = -4*m, -5*q = -2*m + 12. Let l(k) = -k**3 - k**2 + 2*k - 3. Let p be l(q). What is the tens digit of ((-18)/(-15))/(p/(-140))?
5
Let a = -10728 + 16724. What is the thousands digit of a?
5
Suppose a - 29 = 2*m, 2*m = -2*a + 4*m + 66. What is the tens digit of ((-4)/((-16)/(-6)))/(a/(-15614))?
3
Let y = 69 - 30. Suppose y*f + 488 = 43*f. Suppose -f = -2*h - 0*h. What is the units digit of h?
1
Let t(n) = -n**2 - 11*n + 5. Let a be t(-5). Suppose 0 = -2*k - 3*x + 31, -5*x - a = k - 2*k. What is the units digit of (-20)/4*92/k*-4?
2
Let g be (-5456)/(-40) + 7 - 3/(-5). Let b = 85 + g. What is the hundreds digit of b?
2
Let p = 5567 + 25985. What is the units digit of p?
2
Suppose 5*i - 2*x = 31256, 0 = -i + x - 840 + 7090. What is the units digit of i?
2
Let x(s) = 2*s**2 - 4*s - 3. L